CRAN Package Check Results for Package AMModels

Last updated on 2019-11-18 03:47:37 CET.

Flavor Version Tinstall Tcheck Ttotal Status Flags
r-devel-linux-x86_64-debian-clang 0.1.4 23.13 133.73 156.86 OK
r-devel-linux-x86_64-debian-gcc 0.1.4 18.61 107.97 126.58 OK
r-devel-linux-x86_64-fedora-clang 0.1.4 179.91 OK
r-devel-linux-x86_64-fedora-gcc 0.1.4 202.11 OK
r-devel-windows-ix86+x86_64 0.1.4 48.00 135.00 183.00 OK
r-patched-linux-x86_64 0.1.4 18.64 126.35 144.99 OK
r-patched-solaris-x86 0.1.4 263.40 OK
r-release-linux-x86_64 0.1.4 17.62 123.24 140.86 OK
r-release-windows-ix86+x86_64 0.1.4 36.00 181.00 217.00 OK
r-release-osx-x86_64 0.1.4 OK
r-oldrel-windows-ix86+x86_64 0.1.4 7.00 11.00 18.00 ERROR
r-oldrel-osx-x86_64 0.1.4 OK

Check Details

Version: 0.1.4
Check: whether package can be installed
Result: ERROR
    Installation failed.
Flavor: r-oldrel-windows-ix86+x86_64