CRAN Package Check Results for Package AIG

Last updated on 2019-09-19 16:47:53 CEST.

Flavor Version Tinstall Tcheck Ttotal Status Flags
r-devel-linux-x86_64-debian-clang 0.1.9 11.42 40.45 51.87 NOTE
r-devel-linux-x86_64-debian-gcc 0.1.9 9.28 34.74 44.02 NOTE
r-devel-linux-x86_64-fedora-clang 0.1.9 105.82 NOTE
r-devel-linux-x86_64-fedora-gcc 0.1.9 101.77 NOTE
r-devel-windows-ix86+x86_64 0.1.9 30.00 119.00 149.00 OK
r-patched-linux-x86_64 0.1.9 9.18 38.80 47.98 OK
r-patched-solaris-x86 0.1.9 145.10 OK
r-release-linux-x86_64 0.1.9 10.15 38.67 48.82 OK
r-release-windows-ix86+x86_64 0.1.9 17.00 80.00 97.00 OK
r-release-osx-x86_64 0.1.9 WARN
r-oldrel-windows-ix86+x86_64 0.1.9 10.00 78.00 88.00 OK
r-oldrel-osx-x86_64 0.1.9 WARN

Check Details

Version: 0.1.9
Check: for non-standard things in the check directory
Result: NOTE
    Found the following files/directories:
     'ans_19-2.jpg' 'display2d_19-2.jpg' 'dist(3)_19-2.jpg'
     'dist(4)_19-2.jpg' 'dist(mirror)_19-2.jpg' 'dist(mirror2)_19-2.jpg'
Flavors: r-devel-linux-x86_64-debian-clang, r-devel-linux-x86_64-debian-gcc, r-devel-linux-x86_64-fedora-clang, r-devel-linux-x86_64-fedora-gcc

Version: 0.1.9
Check: whether package can be installed
Result: WARN
    Found the following significant warnings:
     Warning: 'rgl_init' failed, running with rgl.useNULL = TRUE
Flavors: r-release-osx-x86_64, r-oldrel-osx-x86_64