CRAN Package Check Results for Package AGread

Last updated on 2019-09-20 22:49:55 CEST.

Flavor Version Tinstall Tcheck Ttotal Status Flags
r-devel-linux-x86_64-debian-clang 1.0.0 65.59 50.18 115.77 OK
r-devel-linux-x86_64-debian-gcc 1.0.0 49.34 39.57 88.91 OK
r-devel-linux-x86_64-fedora-clang 1.0.0 160.72 OK
r-devel-linux-x86_64-fedora-gcc 1.0.0 142.84 OK
r-devel-windows-ix86+x86_64 1.0.0 23.00 106.00 129.00 ERROR
r-patched-linux-x86_64 1.0.0 61.17 50.24 111.41 OK
r-patched-solaris-x86 1.0.0 161.40 OK
r-release-linux-x86_64 1.0.0 56.83 49.83 106.66 OK
r-release-windows-ix86+x86_64 0.2.2 12.00 86.00 98.00 OK
r-release-osx-x86_64 1.0.0 OK
r-oldrel-windows-ix86+x86_64 0.2.2 9.00 71.00 80.00 OK
r-oldrel-osx-x86_64 1.0.0 OK

Additional issues

LTO

Check Details

Version: 1.0.0
Check: whether package can be installed
Result: ERROR
    Installation failed.
Flavor: r-devel-windows-ix86+x86_64