CRAN Package Check Results for Package AGHmatrix

Last updated on 2019-09-20 01:47:38 CEST.

Flavor Version Tinstall Tcheck Ttotal Status Flags
r-devel-linux-x86_64-debian-clang 1.0.2 7.07 70.49 77.56 OK
r-devel-linux-x86_64-debian-gcc 1.0.2 6.12 56.46 62.58 OK
r-devel-linux-x86_64-fedora-clang 1.0.2 99.07 OK
r-devel-linux-x86_64-fedora-gcc 1.0.2 96.74 OK
r-devel-windows-ix86+x86_64 1.0.2 22.00 94.00 116.00 OK
r-patched-linux-x86_64 1.0.2 6.73 68.77 75.50 OK
r-patched-solaris-x86 1.0.2 123.10 OK
r-release-linux-x86_64 1.0.2 6.53 69.70 76.23 OK
r-release-windows-ix86+x86_64 1.0.2 14.00 93.00 107.00 OK
r-release-osx-x86_64 1.0.2 OK
r-oldrel-windows-ix86+x86_64 0.0.5 10.00 105.00 115.00 OK
r-oldrel-osx-x86_64 1.0.2 ERROR

Check Details

Version: 1.0.2
Check: whether package can be installed
Result: ERROR
    Installation failed.
Flavor: r-oldrel-osx-x86_64