CRAN Package Check Results for Package ADPclust

Last updated on 2017-12-15 21:49:51 CET.

Flavor Version Tinstall Tcheck Ttotal Status Flags
r-devel-linux-x86_64-debian-clang 0.7 0.91 58.56 59.47 OK
r-devel-linux-x86_64-debian-gcc 0.7 0.65 41.85 42.50 OK
r-devel-linux-x86_64-fedora-clang 0.7 71.28 NOTE
r-devel-linux-x86_64-fedora-gcc 0.7 66.77 NOTE
r-devel-windows-ix86+x86_64 0.7 3.00 88.00 91.00 OK
r-patched-linux-x86_64 0.7 1.21 65.14 66.35 OK
r-patched-solaris-x86 0.7 100.80 NOTE
r-release-linux-x86_64 0.7 1.06 63.54 64.60 OK
r-release-windows-ix86+x86_64 0.7 3.00 72.00 75.00 OK
r-release-osx-x86_64 0.7 NOTE
r-oldrel-windows-ix86+x86_64 0.7 3.00 84.00 87.00 OK
r-oldrel-osx-x86_64 0.7 NOTE

Check Details

Version: 0.7
Check: dependencies in R code
Result: NOTE
    Namespaces in Imports field not imported from:
     ‘fields’ ‘knitr’
     All declared Imports should be used.
Flavors: r-devel-linux-x86_64-fedora-clang, r-devel-linux-x86_64-fedora-gcc, r-patched-solaris-x86, r-release-osx-x86_64, r-oldrel-osx-x86_64