CRAN Package Check Results for Package ADPclust

Last updated on 2018-10-20 09:54:47 CEST.

Flavor Version Tinstall Tcheck Ttotal Status Flags
r-devel-linux-x86_64-debian-clang 0.7 1.94 56.97 58.91 OK
r-devel-linux-x86_64-debian-gcc 0.7 1.38 42.88 44.26 OK
r-devel-linux-x86_64-fedora-clang 0.7 71.55 NOTE
r-devel-linux-x86_64-fedora-gcc 0.7 69.51 NOTE
r-devel-windows-ix86+x86_64 0.7 6.00 106.00 112.00 OK
r-patched-linux-x86_64 0.7 1.85 50.92 52.77 OK
r-patched-solaris-x86 0.7 116.80 NOTE
r-release-linux-x86_64 0.7 1.72 53.06 54.78 OK
r-release-windows-ix86+x86_64 0.7 6.00 111.00 117.00 OK
r-release-osx-x86_64 0.7 NOTE
r-oldrel-windows-ix86+x86_64 0.7 3.00 82.00 85.00 OK
r-oldrel-osx-x86_64 0.7 NOTE

Check Details

Version: 0.7
Check: dependencies in R code
Result: NOTE
    Namespaces in Imports field not imported from:
     ‘fields’ ‘knitr’
     All declared Imports should be used.
Flavors: r-devel-linux-x86_64-fedora-clang, r-devel-linux-x86_64-fedora-gcc, r-patched-solaris-x86, r-release-osx-x86_64, r-oldrel-osx-x86_64