CRAN Package Check Results for Package ADPclust

Last updated on 2018-07-21 14:47:16 CEST.

Flavor Version Tinstall Tcheck Ttotal Status Flags
r-devel-linux-x86_64-debian-clang 0.7 2.14 56.93 59.07 OK
r-devel-linux-x86_64-debian-gcc 0.7 1.65 40.37 42.02 OK
r-devel-linux-x86_64-fedora-clang 0.7 69.88 NOTE
r-devel-linux-x86_64-fedora-gcc 0.7 73.39 NOTE
r-devel-windows-ix86+x86_64 0.7 6.00 97.00 103.00 OK
r-patched-linux-x86_64 0.7 OK
r-patched-solaris-x86 0.7 115.00 NOTE
r-release-linux-x86_64 0.7 1.84 54.28 56.12 OK
r-release-windows-ix86+x86_64 0.7 6.00 100.00 106.00 OK
r-release-osx-x86_64 0.7 NOTE
r-oldrel-windows-ix86+x86_64 0.7 3.00 87.00 90.00 OK
r-oldrel-osx-x86_64 0.7 NOTE

Check Details

Version: 0.7
Check: dependencies in R code
Result: NOTE
    Namespaces in Imports field not imported from:
     ‘fields’ ‘knitr’
     All declared Imports should be used.
Flavors: r-devel-linux-x86_64-fedora-clang, r-devel-linux-x86_64-fedora-gcc, r-patched-solaris-x86, r-release-osx-x86_64, r-oldrel-osx-x86_64