CRAN Package Check Results for Package ADMMnet

Last updated on 2019-09-22 17:49:08 CEST.

Flavor Version Tinstall Tcheck Ttotal Status Flags
r-devel-linux-x86_64-debian-clang 0.1 42.70 57.36 100.06 NOTE
r-devel-linux-x86_64-debian-gcc 0.1 34.35 46.26 80.61 NOTE
r-devel-linux-x86_64-fedora-clang 0.1 130.79 NOTE
r-devel-linux-x86_64-fedora-gcc 0.1 131.97 NOTE
r-devel-windows-ix86+x86_64 0.1 85.00 97.00 182.00 NOTE
r-patched-linux-x86_64 0.1 33.25 56.37 89.62 NOTE
r-patched-solaris-x86 0.1 148.40 NOTE
r-release-linux-x86_64 0.1 33.59 56.32 89.91 NOTE
r-release-windows-ix86+x86_64 0.1 59.00 92.00 151.00 NOTE
r-release-osx-x86_64 0.1 NOTE
r-oldrel-windows-ix86+x86_64 0.1 54.00 83.00 137.00 OK
r-oldrel-osx-x86_64 0.1 NOTE

Check Details

Version: 0.1
Check: line endings in C/C++/Fortran sources/headers
Result: NOTE
    Found the following sources/headers with CR or CRLF line endings:
     inst/include/ADMMnet.h
     inst/include/ADMMnet_RcppExports.h
    Some Unix compilers require LF line endings.
Flavors: r-devel-linux-x86_64-debian-clang, r-devel-linux-x86_64-debian-gcc, r-devel-linux-x86_64-fedora-clang, r-devel-linux-x86_64-fedora-gcc, r-devel-windows-ix86+x86_64, r-patched-linux-x86_64, r-patched-solaris-x86, r-release-linux-x86_64, r-release-windows-ix86+x86_64, r-release-osx-x86_64

Version: 0.1
Check: installed package size
Result: NOTE
     installed size is 6.3Mb
     sub-directories of 1Mb or more:
     libs 6.1Mb
Flavors: r-devel-linux-x86_64-fedora-clang, r-release-osx-x86_64, r-oldrel-osx-x86_64

Version: 0.1
Check: compiled code
Result: NOTE
    File ‘ADMMnet/libs/ADMMnet.so’:
     Found no calls to: ‘R_registerRoutines’, ‘R_useDynamicSymbols’
    
    It is good practice to register native routines and to disable symbol
    search.
    
    See ‘Writing portable packages’ in the ‘Writing R Extensions’ manual.
Flavors: r-devel-linux-x86_64-fedora-clang, r-devel-linux-x86_64-fedora-gcc